 2/4*c*2/(-3). Let f(i) = 15*i + 21. List the prime factors of f(h).
2, 3, 7
Let c be -1*(-5 - (2 + -2)) - -417. Suppose -150*o = -149*o - c. List the prime factors of o.
2, 211
Let d(i) = 5*i**2 - 2*i - 39. Let n be d(10). Suppose -3*j = -11 - 10. Suppose n = j*f + 21. List the prime factors of f.
2, 3, 5
Let r(s) = -3*s**2 - 73*s + 1. Let f(b) = -b**2 - 36*b. Let h(v) = -5*f(v) + 2*r(v). List the prime factors of h(16).
2, 5, 29
Let v be (-14)/(-6) - (-30)/45. Suppose 0 = 8*t - v*t - 2165. What are the prime factors of t?
433
Let z(d) = -1603*d - 391. What are the prime factors of z(-7)?
2, 3, 5, 19
Suppose -5*r + 10 = -0*r. Suppose -r*q - 27 = -745. Let z = -239 + q. List the prime factors of z.
2, 3, 5
Suppose -84*d - 3*r = -83*d - 38155, 76260 = 2*d - 4*r. What are the prime factors of d?
2, 5, 1907
Suppose 0 = -0*r - r - 496. Let f = r + 986. Suppose -16*d = -11*d - f. What are the prime factors of d?
2, 7
Let m(i) = i**3 + 15*i**2 - 16*i - 2. Let v be m(-11). Suppose 0 = -4*q + v - 54. Let j = 272 - q. List the prime factors of j.
11
Let a(m) = m**3 - 13*m**2 - 13*m - 12. Let u be a(14). Let j(t) = t - 20 + 0*t - 2*t**u - 3*t + 6*t**2. List the prime factors of j(-6).
2, 17
Let j(g) = 2*g - 18. Let s be j(9). Suppose 4*r = -2*x - r - 20, 4*r + 16 = s. What are the prime factors of 2*((-378)/(-12))/(x + 1)?
3, 7
Suppose -17*n = -n - 133634 - 10510. List the prime factors of n.
3, 7, 11, 13
Suppose 0 = -5*r - s + 27850, -2*r + r = 4*s - 5551. Suppose v = -8*v + r. What are the prime factors of v?
619
Suppose -z + 3*d = -2*z + 2, -93 = -4*z + 5*d. Suppose 0*w + z*w = 2635. What are the prime factors of w?
5, 31
Let c(h) = -7*h - 31. Let i(x) = -x**2 + 15*x - 23. Let q be i(14). Let a be c(q). Suppose -8 + a = k. List the prime factors of k.
2, 3
Suppose 0 = -24*a + 22*a - 688. Let u = a + 558. What are the prime factors of u?
2, 107
Let t = 11 - 3. Let o be 1106 - ((-8)/(-3))/(192/432). List the prime factors of (-2)/4 + o/t.
137
Let d(r) = -11*r**3 + 5*r**2 + 5*r - 5. Let h be d(-3). Let o = 498 - h. List the prime factors of o.
2, 11
Let v be (-2)/9 + 14/63 + 4. Let h(f) = 166*f - 96. What are the prime factors of h(v)?
2, 71
Let q be 496 + 1 - 116/29. Let c = -78 + q. Suppose 0 = -4*n + 53 + c. What are the prime factors of n?
3, 13
Suppose j + 38 = -5*r, -3*r = -j + 2*r - 88. List the prime factors of (-15*(-78)/j)/((-5)/280).
2, 5, 13
Let h(n) = 11*n**3 - n**2 + 10*n. Let l(d) = 23*d**3 - d**2 + 20*d. Let k(b) = 9*h(b) - 4*l(b). Let v be 2/(-2 + (-32)/(-12)). List the prime factors of k(v).
2, 3, 29
Suppose 4*z = 15*k - 12*k - 12566, 3*k - 3*z = 12564. What are the prime factors of k?
2, 7, 13, 23
Let j(d) = 5480*d - 357. What are the prime factors of j(4)?
21563
Let x be 4 + -11 - (9 - (-3 - -13)). Let y(j) = 6*j**3 + 3*j**2 - 2*j - 2. Let r be y(3). Let c = r - x. What are the prime factors of c?
11, 17
Let t be (668/6)/((-12)/(-36)). Suppose 106 = 4*q - t. What are the prime factors of (16/10)/(11/q)?
2
Suppose 35507 = 33*u + 9503. List the prime factors of u.
2, 197
Suppose 660*l + 5210914 = 30799114. What are the prime factors of l?
2, 5, 3877
Let n = 23533 - 17303. What are the prime factors of n?
2, 5, 7, 89
Let a(s) = 450*s**3 - 13*s**2 - 32*s + 97. List the prime factors of a(3).
2, 11, 547
Let m(d) = d**3 + 7*d**2 + 2*d + 8. Let s be m(-4). Let l(n) = 54*n - 2*n**3 - s*n - 3*n**2 - 5 + 2*n**2. List the prime factors of l(-4).
83
What are the prime factors of ((-1)/(-4))/((-50)/(-80)) - 326094/(-115)?
2, 709
Let f = 6327 + 17142. List the prime factors of f.
3, 7823
Suppose 10*y - 384 = 4*y. Suppose -72*v + y*v = -968. What are the prime factors of v?
11
Suppose 19288 - 38644 = -6*d. What are the prime factors of d?
2, 1613
Suppose 5*c = -3*m + 815, 0 = -2*m + 4*m - 2*c - 570. Suppose 5*r - 95 - m = 0. Suppose r = a - 60. List the prime factors of a.
3, 5
Let u be (0/2 - 1)*-10. Let q(b) = 107*b - 72. Let z be q(1). Let j = z + u. What are the prime factors of j?
3, 5
Suppose -3*i = -12933 - 14937. What are the prime factors of i?
2, 5, 929
Suppose -479*b = -126*b - 3922889. List the prime factors of b.
11113
Suppose 505*m - 508*m = -16512. What are the prime factors of m?
2, 43
Let v = 51 - -21. Let z(b) = -11 - 2*b + v - 5*b + 133. What are the prime factors of z(0)?
2, 97
Let i(y) = 4*y**2 - y. Let p be i(-1). Suppose -n + p*n + 19 = -j, 0 = 4*n - j + 13. What are the prime factors of (-3)/(n + 1 - (-24)/10)?
5
Suppose -62 + 106 = 22*x. List the prime factors of 28 + x - (-6)/(-2).
3
Let a(w) = 5*w - w + 6*w - 24748 + 24754. Let t be (1/2)/((-6)/(-156)). List the prime factors of a(t).
2, 17
Suppose t = 4*t - 4*y - 250067, -3*t = 4*y - 250003. What are the prime factors of t?
5, 79, 211
Let l = -1001 + -74. Let a = l - -1534. List the prime factors of a.
3, 17
Let v(x) = 10*x**2 + 19*x + 62. What are the prime factors of v(-17)?
11, 239
Suppose 26347 = -9*x + 110434. What are the prime factors of x?
9343
Let t = -50 - 34. Let j be ((-70)/t)/(-1 - 7/(-6)). List the prime factors of (j/10)/((-2)/(-156)).
3, 13
What are the prime factors of 168/(-16)*419992/(-329)?
2, 3, 1117
Suppose 2*k + 5*l = 63906, 4*l - 7593 = k - 39533. List the prime factors of k.
2, 7, 163
Let d(w) = 6*w**2 - 6*w - 17. Let v be d(-23). Suppose -10*u + 7*u = -2*m - 3299, -3*u = -4*m - v. What are the prime factors of u?
3, 367
Let q = -117 + 67. Let i = 32 + q. List the prime factors of 3/i + 3351/18.
2, 3, 31
Suppose 3*t + 36 = 6*t. Suppose t*n = -0*n. Suppose -3*y + 0*a + a + 99 = n, -3*y - 5*a + 99 = 0. What are the prime factors of y?
3, 11
Suppose -4557563 = -65*h - 743818. List the prime factors of h.
23, 2551
Let w = 88780 - 58356. List the prime factors of w.
2, 3803
Let r = 12 + -12. Let a = r + 5. What are the prime factors of 24 - -1*(-4 + a)?
5
Let p = 1070 - 420. Let t = p + -330. List the prime factors of t.
2, 5
Let y(q) be the first derivative of -9*q**2 - 16*q - 11 + 2/3*q**3. What are the prime factors of y(13)?
2, 11
Let m(o) = 73*o**2 + o - 9. Let y be m(-8). Suppose -8*b + 41 + y = 0. What are the prime factors of b?
587
Let d(c) = 10*c**2 + 43*c - 20. List the prime factors of d(-14).
2, 3, 223
Let y(f) = 18752*f**3 - 28*f**2 + 29*f - 3. What are the prime factors of y(1)?
2, 3, 5
Suppose 0 = 1238*v - 1247*v + 231939. What are the prime factors of v?
25771
Let f be (-47)/188 + (138/(-8))/3. Let b(m) = 10*m + 3. Let o be b(3). Let x = f + o. List the prime factors of x.
3
Let v(i) = -20*i**2 - 19*i - 4. Let f be v(-10). What are the prime factors of (12 - 105/7) + f/(-2)?
2, 113
Suppose 4*n + 114716 = 5*g, -2*g - 3*n = -7*g + 114712. What are the prime factors of g?
2, 5, 31, 37
Suppose -3*b = b - 6856. Suppose 2*v - 2*r = b, -4*v + 3316 = 4*r - 104. List the prime factors of v.
2, 107
Let b(t) = 352*t + 2780. What are the prime factors of b(15)?
2, 5, 13, 31
Let t = -683 - -1038. Let a(l) = -l**3 + 36*l**2 + 4*l - 139. Let c be a(36). Suppose 0 = -v + 3*v, t = c*y - v. List the prime factors of y.
71
Let w = 1118 + 14150. List the prime factors of w.
2, 11, 347
Let g be (-4)/(-8)*-1*58. Let n = 34 + g. Suppose 39 = n*v - 56. List the prime factors of v.
19
Suppose 84250 = 6*n + 6928. List the prime factors of n.
7, 263
Let s(b) = 764*b**2 + 7*b + 20. List the prime factors of s(-4).
2, 3, 509
Suppose -13061 = -2*n - 4*r + 8059, 4*r = 4*n - 42192. List the prime factors of n.
2, 1319
Let f = -820 + 1769. Let j = 1334 - f. List the prime factors of j.
5, 7, 11
Let j(m) = 200*m**2 + 102*m - 933. List the prime factors of j(-19).
13, 5333
Suppose 4*d - 4*j = -184, 2*d - j + 13 + 78 = 0. List the prime factors of 30/d + (-672)/(-9).
2, 37
Let y = 12 - -3. Suppose -3*i - y = 2*i. What are the prime factors of 2 + (-612)/(-16) - i/(-12)?
2, 5
Suppose -3*g + 0*g + 4 = 2*m, 2 = 2*g + 2*m. Suppose -6*l = -g*l - 64. Suppose -2*t + l = -10. List the prime factors of t.
13
Let a = 8299 - 3736. What are the prime factors of a?
3, 13
Let g = -5549 + 5474. Suppose -5*w - 247 = 18. Let z = w - g. List the prime factors of z.
2, 11
Let k = 46 - 43. Suppose -k*a + 12 = -0. List the prime factors of 1 - (-3 + a)/((-2)/22).
2, 3
Suppose -q = n - 6870, 524*q + 2*n = 521*q + 20608. List the prime factors of q.
2, 17, 101
Let c = 670 + -474. Let f b